vided by 11022?
11021
What is the remainder when 7618839 is divided by 96?
87
What is the remainder when 102668 is divided by 2938?
2776
Calculate the remainder when 36212906 is divided by 34.
16
Calculate the remainder when 7558743 is divided by 397.
260
Calculate the remainder when 3564199 is divided by 22846.
223
What is the remainder when 90937 is divided by 7577?
13
What is the remainder when 359890 is divided by 287?
279
Calculate the remainder when 782517 is divided by 15048.
21
Calculate the remainder when 27188535 is divided by 124718.
11
Calculate the remainder when 5453826 is divided by 908970.
6
Calculate the remainder when 455655 is divided by 405.
30
What is the remainder when 41089206 is divided by 4236?
6
What is the remainder when 2651461 is divided by 13061?
78
What is the remainder when 1180426 is divided by 78694?
16
What is the remainder when 7873205 is divided by 2160?
5
Calculate the remainder when 64913263 is divided by 8.
7
What is the remainder when 417177565 is divided by 19?
18
What is the remainder when 1435590 is divided by 71779?
10
What is the remainder when 2256439 is divided by 2256431?
8
What is the remainder when 119614613 is divided by 31?
28
Calculate the remainder when 881580 is divided by 176295.
105
What is the remainder when 721319 is divided by 65556?
203
What is the remainder when 4755072 is divided by 99064?
0
Calculate the remainder when 17263 is divided by 17121.
142
Calculate the remainder when 139832 is divided by 15528.
80
What is the remainder when 9983373 is divided by 3773?
15
Calculate the remainder when 336930 is divided by 42116.
2
Calculate the remainder when 2015538 is divided by 1007692.
154
Calculate the remainder when 75209 is divided by 340.
69
What is the remainder when 19290 is divided by 2814?
2406
What is the remainder when 1047460 is divided by 2333?
2276
Calculate the remainder when 119799 is divided by 850.
799
What is the remainder when 5598341 is divided by 1119658?
51
What is the remainder when 238104 is divided by 59504?
88
Calculate the remainder when 145197 is divided by 3162.
2907
What is the remainder when 317301 is divided by 45312?
117
Calculate the remainder when 26110747 is divided by 1195.
1192
Calculate the remainder when 143758 is divided by 1754.
1684
What is the remainder when 77968439 is divided by 40?
39
Calculate the remainder when 10446 is divided by 3015.
1401
Calculate the remainder when 1450479 is divided by 2446.
1
What is the remainder when 32951 is divided by 32752?
199
Calculate the remainder when 8058186 is divided by 805816.
26
What is the remainder when 58218617 is divided by 958?
957
Calculate the remainder when 66451 is divided by 66273.
178
Calculate the remainder when 53233965 is divided by 1864.
1853
What is the remainder when 4972022 is divided by 1536?
1526
What is the remainder when 200401 is divided by 39?
19
Calculate the remainder when 1885083 is divided by 556.
243
What is the remainder when 90267735 is divided by 20?
15
What is the remainder when 4195604 is divided by 1398502?
98
Calculate the remainder when 118724348 is divided by 475.
473
Calculate the remainder when 25987 is divided by 8576.
259
Calculate the remainder when 134174 is divided by 64951.
4272
Calculate the remainder when 625715 is divided by 885.
20
What is the remainder when 46149621 is divided by 1031?
1030
Calculate the remainder when 2771511 is divided by 181.
39
What is the remainder when 1244367 is divided by 142?
21
Calculate the remainder when 279674 is divided by 6504.
2
Calculate the remainder when 73526 is divided by 14221.
2421
Calculate the remainder when 434208 is divided by 482.
408
What is the remainder when 115031 is divided by 967?
925
Calculate the remainder when 19921486 is divided by 660.
46
Calculate the remainder when 5796 is divided by 89.
11
What is the remainder when 730631 is divided by 549?
461
Calculate the remainder when 15929361 is divided by 10.
1
What is the remainder when 799925 is divided by 99990?
5
What is the remainder when 516241 is divided by 57334?
235
What is the remainder when 7522538 is divided by 268656?
170
Calculate the remainder when 135719 is divided by 2127.
1718
Calculate the remainder when 36122243 is divided by 3010186.
11
Calculate the remainder when 529161 is divided by 131698.
2369
Calculate the remainder when 119773427 is divided by 627086.
1
Calculate the remainder when 1010844 is divided by 201838.
1654
Calculate the remainder when 22496 is divided by 20009.
2487
What is the remainder when 154339 is divided by 3021?
268
Calculate the remainder when 3632046 is divided by 79.
21
Calculate the remainder when 128888 is divided by 32196.
104
Calculate the remainder when 8571330 is divided by 83.
3
What is the remainder when 79336636 is divided by 2203?
2200
Calculate the remainder when 310539 is divided by 2491.
1655
Calculate the remainder when 22826 is divided by 18755.
4071
What is the remainder when 105237885 is divided by 544?
541
What is the remainder when 32612661 is divided by 40?
21
What is the remainder when 44815 is divided by 189?
22
Calculate the remainder when 3232404 is divided by 648.
180
Calculate the remainder when 2736126 is divided by 183.
93
What is the remainder when 32867 is divided by 16334?
199
Calculate the remainder when 4237563 is divided by 1288.
43
Calculate the remainder when 9210 is divided by 1389.
876
What is the remainder when 6812517 is divided by 358552?
29
What is the remainder when 397841 is divided by 198919?
3
What is the remainder when 19648057 is divided by 549?
445
Calculate the remainder when 22586 is divided by 1776.
1274
Calculate the remainder when 82380 is divided by 2841.
2832
What is the remainder when 1871714 is divided by 67?
2
Calculate the remainder when 628485 is divided by 1247.
1244
Calculate the remainder when 621660 is divided by 56497.
193
What is the remainder when 140629 is divided by 1284?
673
Calculate the remainder when 1163250 is divided by 36351.
18
What is the remainder when 1555296 is divided by 2575?
2571
Calculate the remainder when 3039655 is divided by 3344.
3303
Calculate the remainder when 1269588 is divided by 330.
78
What is the remainder when 1398748 is divided by 680?
668
Calculate the remainder when 36120 is divided by 93.
36
What is the remainder when 10895533 is divided by 239?
1
Calculate the remainder when 211373 is divided by 7549.
1
What is the remainder when 40103 is divided by 12105?
3788
What is the remainder when 5639364 is divided by 55?
49
Calculate the remainder when 56894 is divided by 3514.
670
Calculate the remainder when 3285388 is divided by 3007.
1744
What is the remainder when 100305 is divided by 7064?
1409
What is the remainder when 5728149 is divided by 318?
15
What is the remainder when 8914778 is divided by 4422?
26
Calculate the remainder when 943424 is divided by 157220.
104
What is the remainder when 16580008 is divided by 1501?
1463
What is the remainder when 225796 is divided by 110141?
5514
Calculate the remainder when 279605 is divided by 1151.
1063
Calculate the remainder when 556204 is divided by 1164.
976
What is the remainder when 192287 is divided by 23996?
319
Calculate the remainder when 28089211 is divided by 474.
445
What is the remainder when 1597058 is divided by 975?
8
Calculate the remainder when 67797 is divided by 65181.
2616
Calculate the remainder when 3187643 is divided by 318759.
53
What is the remainder when 343484 is divided by 7155?
44
What is the remainder when 340563 is divided by 1000?
563
What is the remainder when 1202924 is divided by 211?
13
Calculate the remainder when 2264 is divided by 1883.
381
Calculate the remainder when 3486769 is divided by 27.
16
Calculate the remainder when 45127 is divided by 43944.
1183
What is the remainder when 1484974 is divided by 2?
0
Calculate the remainder when 70162 is divided by 7002.
142
Calculate the remainder when 172748068 is divided by 12198.
12190
Calculate the remainder when 60410 is divided by 3516.
638
What is the remainder when 1472930 is divided by 2870?
620
Calculate the remainder when 4249470 is divided by 1764.
1758
What is the remainder when 22085 is divided by 21419?
666
Calculate the remainder when 350808 is divide